{"id":3452,"date":"2019-07-07T20:26:39","date_gmt":"2019-07-07T18:26:39","guid":{"rendered":"http:\/\/new.staq.de\/wordpress\/?page_id=3452"},"modified":"2025-02-19T21:56:42","modified_gmt":"2025-02-19T20:56:42","slug":"arbeitssicherheit","status":"publish","type":"page","link":"https:\/\/www.staq.de\/index.php\/arbeitssicherheit\/","title":{"rendered":"Arbeitssicherheit"},"content":{"rendered":"<div id='layer_slider_1'  class='avia-layerslider main_color avia-shadow  avia-builder-el-0  el_before_av_heading  avia-builder-el-first  container_wrap sidebar_right'  style='height: 301px;'  ><\/div><div id='after_layer_slider_1'  class='main_color av_default_container_wrap container_wrap sidebar_right'  ><div class='container av-section-cont-open' ><div class='template-page content  av-content-small alpha units'><div class='post-entry post-entry-type-page post-entry-3452'><div class='entry-content-wrapper clearfix'>\n\n<style type=\"text\/css\" data-created_by=\"avia_inline_auto\" id=\"style-css-av-4qn4cs-692e8dcfb41f3e49a3d1bbd8710dcd5f\">\n#top .av-special-heading.av-4qn4cs-692e8dcfb41f3e49a3d1bbd8710dcd5f{\npadding-bottom:20px;\n}\nbody .av-special-heading.av-4qn4cs-692e8dcfb41f3e49a3d1bbd8710dcd5f .av-special-heading-tag .heading-char{\nfont-size:25px;\n}\n.av-special-heading.av-4qn4cs-692e8dcfb41f3e49a3d1bbd8710dcd5f .av-subheading{\nfont-size:15px;\n}\n<\/style>\n<div  class='av-special-heading av-4qn4cs-692e8dcfb41f3e49a3d1bbd8710dcd5f av-special-heading-h2  avia-builder-el-1  el_after_av_layerslider  el_before_av_one_full  avia-builder-el-first  av-linked-heading'><h2 class='av-special-heading-tag '  itemprop=\"headline\"  >Arbeits- und Gesundheitsschutz<\/h2><div class=\"special-heading-border\"><div class=\"special-heading-inner-border\"><\/div><\/div><\/div>\n\n<style type=\"text\/css\" data-created_by=\"avia_inline_auto\" id=\"style-css-av-5sn7wc-413a77bf7190edc79c677439e3cfd041\">\n.flex_column.av-5sn7wc-413a77bf7190edc79c677439e3cfd041{\nborder-radius:0px 0px 0px 0px;\npadding:0px 0px 0px 0px;\n}\n<\/style>\n<div  class='flex_column av-5sn7wc-413a77bf7190edc79c677439e3cfd041 av_one_full  avia-builder-el-2  el_after_av_heading  el_before_av_hr  first flex_column_div av-zero-column-padding  '     ><section  class='av_textblock_section av-jxtagrqd-a12028e2eeeb33c28be93bc861de31a1 '   itemscope=\"itemscope\" itemtype=\"https:\/\/schema.org\/CreativeWork\" ><div class='avia_textblock'  itemprop=\"text\" ><p>Es ist unsere Pflicht und Verantwortung, unseren Mitarbeitern ein sicheres Arbeitsumfeld zu bieten, unabh\u00e4ngig von den hohen Anforderungen seitens der Beh\u00f6rden. Durch die Schaffung und Erhaltung einer sicheren, gesundheits- und leistungsf\u00f6rdernden Arbeitsumgebung tragen wir zum Fortbestand und Erfolg unseres Unternehmens bei.<\/p>\n<p>Unser Engagement lassen wir uns bescheinigen! Am 1. November 2012 wurde unser bestehendes Arbeits- und Gesundheitsschutz-Managementsystem durch den DNV auditiert. Damit bescheinigt der DNV als unabh\u00e4ngige Pr\u00fcfungs- und Zertifizierungsstelle die Konformit\u00e4t unseres Managementsystems gem\u00e4\u00df der Norm ISO 45001:2018.<\/p>\n<p>Dar\u00fcber hinaus erfolgte am 10. Januar 2013 eine zus\u00e4tzliche Auditierung durch unsere Berufsgenossenschaft Handel und Warenlogistik (BGHW) gem\u00e4\u00df der Norm NLF \/ ILO-OSH 2001.<\/p>\n<p>Durch j\u00e4hrliche \u00dcberwachungsaudits wird unser Managementsystem stets auf Bestand und Entwicklung kontrolliert.<\/p>\n<\/div><\/section><\/div>\n<div  class='hr av-2c4mfw-da62c0d45a073a231f8dc55419561e06 hr-default  avia-builder-el-4  el_after_av_one_full  el_before_av_buttonrow '><span class='hr-inner '><span class=\"hr-inner-style\"><\/span><\/span><\/div>\n<div  class='avia-buttonrow-wrap av-jxtam81l-4d95b2c583d4b3b03175ab5c8406a612 avia-buttonrow-left  avia-builder-el-5  el_after_av_hr  avia-builder-el-last '>\n\n<style type=\"text\/css\" data-created_by=\"avia_inline_auto\" id=\"style-css-av-2ob5h8-49a5fe6fc5cfe07c01a8a176ebf9c49f\">\n#top #wrap_all .avia-button.av-2ob5h8-49a5fe6fc5cfe07c01a8a176ebf9c49f{\nmargin-bottom:10px;\nmargin-right:10px;\n}\n<\/style>\n<a href='https:\/\/www.staq.de\/wp-content\/uploads\/2025\/01\/ISO-45001-10000405978-MSC-RvA-DEU-3-de-DE-20241003.pdf'  class='avia-button av-2ob5h8-49a5fe6fc5cfe07c01a8a176ebf9c49f avia-icon_select-yes-left-icon avia-size-large avia-color-dark'   aria-label=\"ISO 45001:2018\"><span class='avia_button_icon avia_button_icon_left ' aria-hidden='true' data-av_icon='\ue82d' data-av_iconfont='entypo-fontello'><\/span><span class='avia_iconbox_title' >ISO 45001:2018<\/span><\/a>\n\n<style type=\"text\/css\" data-created_by=\"avia_inline_auto\" id=\"style-css-av-1z7im4-8d2e2f2e5ce25b44e45f4bc1350e253d\">\n#top #wrap_all .avia-button.av-1z7im4-8d2e2f2e5ce25b44e45f4bc1350e253d{\nmargin-bottom:10px;\nmargin-right:10px;\n}\n<\/style>\n<a href='https:\/\/www.staq.de\/wp-content\/uploads\/2025\/02\/BGHW_Zertifikat_2025.pdf'  class='avia-button av-1z7im4-8d2e2f2e5ce25b44e45f4bc1350e253d avia-icon_select-yes-left-icon avia-size-large avia-color-dark'   aria-label=\"Zertifikat NLF \/ ILO-OSH 2001 \"><span class='avia_button_icon avia_button_icon_left ' aria-hidden='true' data-av_icon='\ue82d' data-av_iconfont='entypo-fontello'><\/span><span class='avia_iconbox_title' >Zertifikat NLF \/ ILO-OSH 2001 <\/span><\/a>\n<\/div>\n","protected":false},"excerpt":{"rendered":"","protected":false},"author":1,"featured_media":0,"parent":0,"menu_order":0,"comment_status":"closed","ping_status":"closed","template":"","meta":{"footnotes":""},"class_list":["post-3452","page","type-page","status-publish","hentry"],"_links":{"self":[{"href":"https:\/\/www.staq.de\/index.php\/wp-json\/wp\/v2\/pages\/3452","targetHints":{"allow":["GET"]}}],"collection":[{"href":"https:\/\/www.staq.de\/index.php\/wp-json\/wp\/v2\/pages"}],"about":[{"href":"https:\/\/www.staq.de\/index.php\/wp-json\/wp\/v2\/types\/page"}],"author":[{"embeddable":true,"href":"https:\/\/www.staq.de\/index.php\/wp-json\/wp\/v2\/users\/1"}],"replies":[{"embeddable":true,"href":"https:\/\/www.staq.de\/index.php\/wp-json\/wp\/v2\/comments?post=3452"}],"version-history":[{"count":30,"href":"https:\/\/www.staq.de\/index.php\/wp-json\/wp\/v2\/pages\/3452\/revisions"}],"predecessor-version":[{"id":4842,"href":"https:\/\/www.staq.de\/index.php\/wp-json\/wp\/v2\/pages\/3452\/revisions\/4842"}],"wp:attachment":[{"href":"https:\/\/www.staq.de\/index.php\/wp-json\/wp\/v2\/media?parent=3452"}],"curies":[{"name":"wp","href":"https:\/\/api.w.org\/{rel}","templated":true}]}}